956. Let u(w) = p*c(w) + 3*y(w). Determine u(-5).
-32
Let l(k) = 2*k + 45. Let o be l(-3). Suppose -5*a - o = 8*a. Let m(x) = -x**2 - x - 4. Calculate m(a).
-10
Let w(z) = 2*z + 15. Let q(o) = -o - 6. Let c(v) = -3*q(v) - w(v). Let x(i) = -9*i**2 - 2*i - 3. Let m be x(-1). Calculate c(m).
-7
Let t be ((-1232)/140 + 8)*5/(-2). Let u(p) = 2*p**3 - 3*p**2 - 2*p + 4. Determine u(t).
4
Let h(j) = 3*j + 15. Let r(d) = 6 - d + 0 - 2. Let v be r(10). Let x be h(v). Let i(q) = 2*q**2 + 1. Determine i(x).
19
Let m(z) = -6*z**2 + 7 - 6*z - 51*z**3 - 4 + z - 49*z**3 + 102*z**3. Calculate m(4).
15
Let v(w) = 3*w - 2. Suppose -115 = 2*p - 25. Let g = -1168 - -1127. Let d = g - p. Give v(d).
10
Let s(w) = -w + 14753 - 7375 - 7386. Let d = 12 - 6. What is s(d)?
-14
Let l = 381 + -376. Suppose l*z = 581 - 626. Let p(g) = 14*g + 35. Let t(a) = 5*a + 12. Let h(c) = -4*p(c) + 11*t(c). Determine h(z).
1
Let g = 40 + -45. Let r(s) = -3*s**3 + s**2 - 7*s - 9. Let a(u) = u**3 - 3*u**2 + 2*u + 1. Let q(t) = 2*a(t) + r(t). What is q(g)?
8
Let d(y) = 19*y - 38 - 6*y**2 + 18*y**2 + y**3 + 10*y**2. Let p be d(-21). Let v(b) = 4*b - 7. Determine v(p).
9
Let k(v) = -27*v**2 + v. Let z = 62 + -23. Let j = 41 + z. Let n = j - 81. Determine k(n).
-28
Let x(b) = 9 + 3*b + 0*b - b. Suppose 632*z - 4*j = 631*z + 67, 5*j + 48 = -2*z. Give x(z).
31
Let c(o) be the first derivative of 57 + o**3 - 2*o - 1/4*o**4 + o**2. What is c(3)?
4
Let m(n) = -23*n - 6. Let o(h) = -41*h - 259. Let s be o(-6). Let z(p) = 50*p + 11. Let g(y) = s*m(y) - 6*z(y). Determine g(15).
-3
Let j(d) = -d**3 + 14*d**2 - 7*d - 78. Let x(v) = -v**3 + 13*v**2 + 114*v + 13. Let h be x(19). What is j(h)?
0
Let n(x) be the first derivative of -x**3/3 - 21*x**2/2 + 12*x - 287. Calculate n(-21).
12
Let y(l) = l**3 - 5*l**2 - 3*l - 9. Let v(p) = p**2 - 6*p + 11. Let k be v(5). Let b be y(k). Let w(r) = r**2 - 2 + 2 - 2 - 8*r. Determine w(b).
7
Let h(v) = -13*v**2 + 20*v - 2. Let k(b) = 4*b**2 - 9*b + 1. Let l(f) = h(f) + 3*k(f). Let t = -3 - -6. Suppose 15 + t = -3*g. What is l(g)?
7
Let v(b) = -30*b**2 + 8*b + 6. Let p be v(1). Let q(w) = w**2 + 15*w - 28. Give q(p).
-12
Let b(w) = -8*w - 15. Let x(q) = 10*q + 16. Let y(a) = 4*b(a) + 3*x(a). Let h(n) = -3*n - 12. Let c(d) = -3*h(d) + 4*y(d). Calculate c(12).
0
Suppose 2*t + 5*i - 2530 = 8*i, -1291 = -t - 5*i. Let g(u) = -634*u - 636*u + t*u - 2. Give g(5).
3
Let a(d) = -d**2 - 9*d - 8. Let k be a(-8). Let n be (k/(-3) - 2)*126/(-36). Let h(m) = -m**3 + 8*m**2 - 6*m - 9. Calculate h(n).
-2
Let c be 39 + 1 - (-2 + -2). Suppose -4*p = -4*l - 0*p + 28, 4*p - c = -4*l. Let t(o) = 6*o + 7 - 7*o**2 - 12 + l*o**2. Give t(-5).
15
Let p(c) = -6*c - 3. Let f(b) = -8*b - 162. Let a be f(-21). Let u be (-3)/((-72)/a)*16. Determine p(u).
-27
Let v(h) be the second derivative of -h**5/20 - 11*h**4/6 + 49*h**3/6 - 9*h**2/2 - 3*h - 16. Give v(-24).
-33
Let v = -2 - -8. Let k = -51 + 50. Let w(m) = -m + 2. Let a(g) = 4*g - 17. Let z(p) = k*a(p) - 5*w(p). Calculate z(v).
13
Let q = -14 + 13. Let k(h) be the first derivative of -1/2*h**2 + 53 + 1/3*h**3 - 1/2*h**4 - h. Determine k(q).
3
Let o(k) = 11*k**3 - 12*k**2 - 11*k - 26. Let t(r) = 4*r**3 - 4*r**2 - 4*r - 9. Let v(l) = 5*o(l) - 14*t(l). Suppose -8 = 2*u - 0*u. Determine v(u).
-8
Let q(o) be the second derivative of o**5/20 + o**4/3 - 11*o**3/6 - 121*o. Let g be q(-6). Let w(x) = x**3 + 6*x**2 - 2*x - 13. Calculate w(g).
-1
Let u(p) be the first derivative of -p**4/4 + 3*p**3 - 3*p**2 - 10*p - 91. Let y(q) = 7*q**2 - q. Suppose w = 5*w + 4. Let c be y(w). Calculate u(c).
6
Let x(y) be the second derivative of 43*y**4/12 + 5*y**3/6 + 2*y**2 - 7345*y. Calculate x(-1).
42
Let b(a) be the third derivative of a**6/120 + a**5/60 - 19*a**3/6 - 39*a**2 - 2. Suppose 0 = 187*l - 185*l. Give b(l).
-19
Let b(l) be the third derivative of 11*l**4/12 - 11*l**3/6 - 2743*l**2. Calculate b(-4).
-99
Let o be (300/26)/(-3) + (-362)/2353. Let s(z) = -4*z - 7. Let q(f) = 3*f + 6. Let m(y) = -3*q(y) - 2*s(y). What is m(o)?
0
Let b(z) = z**2 - 2*z + 3. Let p(l) = 2*l**2 - 3*l + 6. Let m(q) = 9*b(q) - 4*p(q). Let x(j) = -6*j**3 - 51*j**2 - 24*j + 2. Let c be x(-8). Give m(c).
-5
Let y(u) = u + 7. Let a(r) = 1. Let b(v) = -2*a(v) + y(v). Let h(n) = -n - 5. Suppose -53 - 91 = -24*x. Let p(w) = x*h(w) + 5*b(w). Determine p(0).
-5
Let u = -186 - -189. Suppose -5*g = -u*p - 32, -5*p = 4*g - 0*g - 33. Let i(r) = r**3 - 8*r**2 + 7*r + 9. Give i(g).
9
Let d = -99 + 99. Suppose d = 5*j + 12 + 18. Let s(f) = f**3 + 6*f**2 - 4. Determine s(j).
-4
Suppose 4*o = 3*j + 169, 0*o - o + 38 = -5*j. Let c = o - 37. Let z(d) = 9 - 12*d**3 - 6*d**2 + c*d**3 + 7*d + 5*d**3. What is z(-7)?
9
Let g(j) = -30*j**2 - j**3 + 144*j**2 - 34 - 57*j**2 - 7*j - 61*j**2. Calculate g(-4).
-6
Let u(y) = y**2 - 4*y + 5. Let q = -58 - -78. Let v(l) = 4*l. Let r be v(-4). Let n = q + r. Give u(n).
5
Let m(n) be the first derivative of -n**3/3 - 5*n**2/2 - n + 3. Let u = 6 + -4. Suppose -4*s = 5*c + 37, 6*c - c + u*s = -31. What is m(c)?
-1
Let u(b) = -b**3 + 7*b**2 - 6*b + 1. Suppose -4*f + 7*d - 8 = 11*d, 2*f - 2*d - 16 = 0. Suppose -f*x = -4*n - 34, 2*x + 3*n = -0*x. What is u(x)?
1
Suppose -5*x = w + 35, -2*x - 7 = 14*w - 15*w. Let g(i) = -2*i**2 - 17*i - 29. Give g(w).
6
Let p(n) = 3*n**2 + 14*n - 19. Let u(v) = -4*v**2 - 15*v + 19. Suppose -5*k = -15, 2 + 4 = -3*q - 3*k. Let y(o) = q*p(o) - 4*u(o). Calculate y(9).
10
Let n be 8/132 + 260/(-4290). Let q(i) = 3*i**2 - i - 59. Give q(n).
-59
Let t(w) be the first derivative of -29*w**2/2 + 69*w + 4284. Determine t(4).
-47
Let x(t) = t**3 + 224*t**2 - 17*t - 7. Let g(m) = -2*m**3 - 373*m**2 + 30*m + 13. Let k(a) = 3*g(a) + 5*x(a). Let u be (-9 - -3)*(-1)/2. Calculate k(u).
1
Let u(q) = -q**3 + 5*q**2 - 4. Let h = -324 - -304. Let a be (-12)/((-48)/h) - 20/(-2). Give u(a).
-4
Let m(l) = 3*l + 14*l + 266 - 10 - 5*l + 14*l. What is m(-10)?
-4
Let v be (-124)/(-31)*6/(-8). Let m(s) = -s**3 + s**2. Let j(k) = 4*k**3 + 4*k**2 + 8*k - 4. Let n(r) = v*m(r) - j(r). Calculate n(-6).
16
Let s(a) = a**2 - 5*a - 1. Suppose -4*h = -2*b - 0*b + 24, 13 = -3*h - b. Let p(z) = -8*z - 19. Let f be p(h). Let w be (2*-1)/(7/f)*-1. Determine s(w).
5
Let j be (-5)/((0 - 14) + 13). Let a(w) = -3*w**2 - 6*w + 3. Let c(p) = -2*p**2 - 6*p + 4. Let g(t) = -3*a(t) + 4*c(t). What is g(j)?
2
Suppose -150 = -3*m - 38*m + 16*m. Let g(p) = p - 12. Determine g(m).
-6
Suppose 54 = 20*n - 6. Suppose -5*h + 5 = n*t + 2, 2*h + 5*t + 14 = 0. Let f(w) = w - 4. What is f(h)?
-1
Suppose 2*f = -3*r - 7 + 28, 2*r = 10. Let l(a) = -4*a**2 + 23 + 2*a**3 + 19 + 17 + 23 + 0*a - a - 81. Determine l(f).
16
Let s(h) be the second derivative of -3*h**2 + 0 + 1/3*h**3 - h. Let r(i) = -1677*i + 6714. Let t be r(4). Give s(t).
6
Let y(o) = -o - 4. Let g be (4 + -4)/1 + 4. Let r be 0*(0 + g)/(-8). Suppose r = -2*x - 60 + 50. Calculate y(x).
1
Let t = 42 + -37. Suppose 5*o + t = -25. Let z(h) = h + 3*h + 8 - 7*h + 5*h. Give z(o).
-4
Let n = 28195 - 28199. Let o(p) = p**3 + 3*p**2 - 9*p - 2. What is o(n)?
18
Suppose 140*q - 12 = 134*q. Let z(a) = -121*a + 2*a**2 - 3*a**q + 113*a. Suppose -2*w = 5*i + 33, 5*i = 3*w - 0*w - 13. What is z(w)?
16
Let o(p) be the second derivative of p**3/3 + 2*p**2 - 2*p. Let q(t) = -2*t + 61. Suppose 19*h - 753 + 145 = 0. Let k be q(h). Calculate o(k).
-2
Let c(s) be the third derivative of -2*s**6/45 + s**5/120 - 4*s**3/3 - 9*s**2. Let l(r) be the first derivative of c(r). What is l(-1)?
-17
Let g(j) be the third derivative of 7*j**4/12 - 3*j**3/2 - 31*j**2. Let k(w) = -40*w + 25. Let t(b) = -11*g(b) - 4*k(b). Let l be 0 + 1 + 0/1. Give t(l).
5
Suppose -2*r = k - 2 - 1, 0 = -3*k - 2*r + 21. Let p = -14 - -16. Let h(a) = 33 + 9*a - a**3 + 4*a**2 + 4*a**p - 27. What is h(k)?
6
Let z(w) = -1578 + 3154 + 3*w**3 + w**2 - 1577. Give z(-1).
-3
Let l(m) = -378*m + 283*m - 4 + 5 + 1 + 3. Determine l(2).
-185
Let a(w) = -5*w**2 + 41*w + 37. Let f be a(9). Let q(h) be the first derivative of 17*h**4/4 + 2*h**3/3 - h + 1. Determine q(f).
18
Let y = 2768 - 2758. Let n(v) = v + v**3 + v + 7*v + 12 - 11*v**2. Let k be n(y). Let b(d) = -d**2 + 2*d - 3. Give b(k).
-3
Let m(d) be the third derivative of 1/120*d**6 + 0*d + 4*d**2 + 1/3*d**3 + 0 + 1/12*d**5 - 7/24*d**4. Suppose v = -